{"id":17,"date":"2019-08-01T07:22:54","date_gmt":"2019-08-01T07:22:54","guid":{"rendered":"https:\/\/ld-wp73.template-help.com\/wordpress\/prod_14993\/v2\/?page_id=17"},"modified":"2026-02-17T10:29:57","modified_gmt":"2026-02-17T10:29:57","slug":"contacta","status":"publish","type":"page","link":"https:\/\/humavimarbres.com\/?page_id=17","title":{"rendered":"Contacta"},"content":{"rendered":"\t\t<div data-elementor-type=\"wp-post\" data-elementor-id=\"17\" class=\"elementor elementor-17\" data-elementor-post-type=\"page\">\n\t\t\t\t\t\t<section class=\"elementor-section elementor-top-section elementor-element elementor-element-aa0637d elementor-section-boxed elementor-section-height-default elementor-section-height-default\" data-id=\"aa0637d\" data-element_type=\"section\" data-settings=\"{&quot;jet_parallax_layout_list&quot;:[]}\">\n\t\t\t\t\t\t<div class=\"elementor-container elementor-column-gap-default\">\n\t\t\t\t\t<div class=\"elementor-column elementor-col-100 elementor-top-column elementor-element elementor-element-d821ac2\" data-id=\"d821ac2\" data-element_type=\"column\">\n\t\t\t<div class=\"elementor-widget-wrap elementor-element-populated\">\n\t\t\t\t\t\t<div class=\"elementor-element elementor-element-dd9e5ae elementor-widget elementor-widget-breadcrumbs\" data-id=\"dd9e5ae\" data-element_type=\"widget\" data-widget_type=\"breadcrumbs.default\">\n\t\t\t\t<div class=\"elementor-widget-container\">\n\t\t\t<p id=\"breadcrumbs\"><span><span><a href=\"https:\/\/humavimarbres.com\/\">Home<\/a><\/span><\/span><\/p>\t\t<\/div>\n\t\t\t\t<\/div>\n\t\t\t\t\t<\/div>\n\t\t<\/div>\n\t\t\t\t\t<\/div>\n\t\t<\/section>\n\t\t\t\t<section class=\"elementor-section elementor-top-section elementor-element elementor-element-a25a2e8 elementor-section-boxed elementor-section-height-default elementor-section-height-default\" data-id=\"a25a2e8\" data-element_type=\"section\" data-settings=\"{&quot;jet_parallax_layout_list&quot;:[{&quot;_id&quot;:&quot;6e97bea&quot;,&quot;jet_parallax_layout_image&quot;:{&quot;url&quot;:&quot;&quot;,&quot;id&quot;:&quot;&quot;,&quot;size&quot;:&quot;&quot;},&quot;jet_parallax_layout_image_tablet&quot;:{&quot;url&quot;:&quot;&quot;,&quot;id&quot;:&quot;&quot;,&quot;size&quot;:&quot;&quot;},&quot;jet_parallax_layout_image_mobile&quot;:{&quot;url&quot;:&quot;&quot;,&quot;id&quot;:&quot;&quot;,&quot;size&quot;:&quot;&quot;},&quot;jet_parallax_layout_speed&quot;:{&quot;unit&quot;:&quot;%&quot;,&quot;size&quot;:50,&quot;sizes&quot;:[]},&quot;jet_parallax_layout_type&quot;:&quot;scroll&quot;,&quot;jet_parallax_layout_direction&quot;:null,&quot;jet_parallax_layout_fx_direction&quot;:null,&quot;jet_parallax_layout_z_index&quot;:&quot;&quot;,&quot;jet_parallax_layout_bg_x&quot;:50,&quot;jet_parallax_layout_bg_x_tablet&quot;:&quot;&quot;,&quot;jet_parallax_layout_bg_x_mobile&quot;:&quot;&quot;,&quot;jet_parallax_layout_bg_y&quot;:50,&quot;jet_parallax_layout_bg_y_tablet&quot;:&quot;&quot;,&quot;jet_parallax_layout_bg_y_mobile&quot;:&quot;&quot;,&quot;jet_parallax_layout_bg_size&quot;:&quot;auto&quot;,&quot;jet_parallax_layout_bg_size_tablet&quot;:&quot;&quot;,&quot;jet_parallax_layout_bg_size_mobile&quot;:&quot;&quot;,&quot;jet_parallax_layout_animation_prop&quot;:&quot;transform&quot;,&quot;jet_parallax_layout_on&quot;:[&quot;desktop&quot;,&quot;tablet&quot;]}]}\">\n\t\t\t\t\t\t<div class=\"elementor-container elementor-column-gap-default\">\n\t\t\t\t\t<div class=\"elementor-column elementor-col-100 elementor-top-column elementor-element elementor-element-25a59b2\" data-id=\"25a59b2\" data-element_type=\"column\">\n\t\t\t<div class=\"elementor-widget-wrap elementor-element-populated\">\n\t\t\t\t\t\t<div class=\"elementor-element elementor-element-61fe71c elementor-widget elementor-widget-google_maps\" data-id=\"61fe71c\" data-element_type=\"widget\" data-widget_type=\"google_maps.default\">\n\t\t\t\t<div class=\"elementor-widget-container\">\n\t\t\t\t\t<div class=\"elementor-custom-embed\">\n\t\t\t<iframe loading=\"lazy\"\n\t\t\t\t\tsrc=\"https:\/\/maps.google.com\/maps?q=Carretera%20Nuevo%20Acceso%20Playa%20Daimus%2C%208%2C%2046710%20Daim%C3%BAs%2C%20Valencia&#038;t=m&#038;z=10&#038;output=embed&#038;iwloc=near\"\n\t\t\t\t\ttitle=\"Carretera Nuevo Acceso Playa Daimus, 8, 46710 Daim\u00fas, Valencia\"\n\t\t\t\t\taria-label=\"Carretera Nuevo Acceso Playa Daimus, 8, 46710 Daim\u00fas, Valencia\"\n\t\t\t><\/iframe>\n\t\t<\/div>\n\t\t\t\t<\/div>\n\t\t\t\t<\/div>\n\t\t\t\t\t<\/div>\n\t\t<\/div>\n\t\t\t\t\t<\/div>\n\t\t<\/section>\n\t\t\t\t<section class=\"elementor-section elementor-top-section elementor-element elementor-element-a85f07c elementor-section-boxed elementor-section-height-default elementor-section-height-default\" data-id=\"a85f07c\" data-element_type=\"section\" data-settings=\"{&quot;jet_parallax_layout_list&quot;:[{&quot;_id&quot;:&quot;78f00d0&quot;,&quot;jet_parallax_layout_image&quot;:{&quot;url&quot;:&quot;&quot;,&quot;id&quot;:&quot;&quot;,&quot;size&quot;:&quot;&quot;},&quot;jet_parallax_layout_image_tablet&quot;:{&quot;url&quot;:&quot;&quot;,&quot;id&quot;:&quot;&quot;,&quot;size&quot;:&quot;&quot;},&quot;jet_parallax_layout_image_mobile&quot;:{&quot;url&quot;:&quot;&quot;,&quot;id&quot;:&quot;&quot;,&quot;size&quot;:&quot;&quot;},&quot;jet_parallax_layout_speed&quot;:{&quot;unit&quot;:&quot;%&quot;,&quot;size&quot;:50,&quot;sizes&quot;:[]},&quot;jet_parallax_layout_type&quot;:&quot;scroll&quot;,&quot;jet_parallax_layout_direction&quot;:null,&quot;jet_parallax_layout_fx_direction&quot;:null,&quot;jet_parallax_layout_z_index&quot;:&quot;&quot;,&quot;jet_parallax_layout_bg_x&quot;:50,&quot;jet_parallax_layout_bg_x_tablet&quot;:&quot;&quot;,&quot;jet_parallax_layout_bg_x_mobile&quot;:&quot;&quot;,&quot;jet_parallax_layout_bg_y&quot;:50,&quot;jet_parallax_layout_bg_y_tablet&quot;:&quot;&quot;,&quot;jet_parallax_layout_bg_y_mobile&quot;:&quot;&quot;,&quot;jet_parallax_layout_bg_size&quot;:&quot;auto&quot;,&quot;jet_parallax_layout_bg_size_tablet&quot;:&quot;&quot;,&quot;jet_parallax_layout_bg_size_mobile&quot;:&quot;&quot;,&quot;jet_parallax_layout_animation_prop&quot;:&quot;transform&quot;,&quot;jet_parallax_layout_on&quot;:[&quot;desktop&quot;,&quot;tablet&quot;]}]}\">\n\t\t\t\t\t\t<div class=\"elementor-container elementor-column-gap-default\">\n\t\t\t\t\t<div class=\"elementor-column elementor-col-50 elementor-top-column elementor-element elementor-element-942c9c9\" data-id=\"942c9c9\" data-element_type=\"column\">\n\t\t\t<div class=\"elementor-widget-wrap elementor-element-populated\">\n\t\t\t\t\t\t<div class=\"elementor-element elementor-element-5ec718c elementor-widget-divider--view-line elementor-widget elementor-widget-divider\" data-id=\"5ec718c\" data-element_type=\"widget\" data-widget_type=\"divider.default\">\n\t\t\t\t<div class=\"elementor-widget-container\">\n\t\t\t\t\t<div class=\"elementor-divider\">\n\t\t\t<span class=\"elementor-divider-separator\">\n\t\t\t\t\t\t<\/span>\n\t\t<\/div>\n\t\t\t\t<\/div>\n\t\t\t\t<\/div>\n\t\t\t\t<div class=\"elementor-element elementor-element-5d4e392 elementor-widget elementor-widget-heading\" data-id=\"5d4e392\" data-element_type=\"widget\" data-widget_type=\"heading.default\">\n\t\t\t\t<div class=\"elementor-widget-container\">\n\t\t\t<h1 class=\"elementor-heading-title elementor-size-default\">CONTACTA<\/h1>\t\t<\/div>\n\t\t\t\t<\/div>\n\t\t\t\t<div class=\"elementor-element elementor-element-7aececf elementor-position-left elementor-view-default elementor-mobile-position-top elementor-vertical-align-top elementor-widget elementor-widget-icon-box\" data-id=\"7aececf\" data-element_type=\"widget\" data-widget_type=\"icon-box.default\">\n\t\t\t\t<div class=\"elementor-widget-container\">\n\t\t\t\t\t<div class=\"elementor-icon-box-wrapper\">\n\n\t\t\t\t\t\t<div class=\"elementor-icon-box-icon\">\n\t\t\t\t<span  class=\"elementor-icon elementor-animation-\">\n\t\t\t\t\t\t\t\t<\/span>\n\t\t\t<\/div>\n\t\t\t\n\t\t\t\t\t\t<div class=\"elementor-icon-box-content\">\n\n\t\t\t\t\t\t\t\t\t<h2 class=\"elementor-icon-box-title\">\n\t\t\t\t\t\t<span  >\n\t\t\t\t\t\t\tVisita nuestras instalaciones\t\t\t\t\t\t<\/span>\n\t\t\t\t\t<\/h2>\n\t\t\t\t\n\t\t\t\t\t\t\t\t\t<p class=\"elementor-icon-box-description\">\n\t\t\t\t\t\tCarretera Nuevo Acceso Playa Daimus, 8, 46710 Daim\u00fas, Valencia\t\t\t\t\t<\/p>\n\t\t\t\t\n\t\t\t<\/div>\n\t\t\t\n\t\t<\/div>\n\t\t\t\t<\/div>\n\t\t\t\t<\/div>\n\t\t\t\t<div class=\"elementor-element elementor-element-c4cdcbc elementor-position-left elementor-view-default elementor-mobile-position-top elementor-vertical-align-top elementor-widget elementor-widget-icon-box\" data-id=\"c4cdcbc\" data-element_type=\"widget\" data-widget_type=\"icon-box.default\">\n\t\t\t\t<div class=\"elementor-widget-container\">\n\t\t\t\t\t<div class=\"elementor-icon-box-wrapper\">\n\n\t\t\t\t\t\t<div class=\"elementor-icon-box-icon\">\n\t\t\t\t<span  class=\"elementor-icon elementor-animation-\">\n\t\t\t\t\t\t\t\t<\/span>\n\t\t\t<\/div>\n\t\t\t\n\t\t\t\t\t\t<div class=\"elementor-icon-box-content\">\n\n\t\t\t\t\t\t\t\t\t<h3 class=\"elementor-icon-box-title\">\n\t\t\t\t\t\t<span  >\n\t\t\t\t\t\t\tLl\u00e1manos \t\t\t\t\t\t<\/span>\n\t\t\t\t\t<\/h3>\n\t\t\t\t\n\t\t\t\t\t\t\t\t\t<p class=\"elementor-icon-box-description\">\n\t\t\t\t\t\t<a href = \"tel:960 301 710\">960 301 710<\/a>\t\t\t\t\t<\/p>\n\t\t\t\t\n\t\t\t<\/div>\n\t\t\t\n\t\t<\/div>\n\t\t\t\t<\/div>\n\t\t\t\t<\/div>\n\t\t\t\t<div class=\"elementor-element elementor-element-447a8f6 elementor-position-left elementor-view-default elementor-mobile-position-top elementor-vertical-align-top elementor-widget elementor-widget-icon-box\" data-id=\"447a8f6\" data-element_type=\"widget\" data-widget_type=\"icon-box.default\">\n\t\t\t\t<div class=\"elementor-widget-container\">\n\t\t\t\t\t<div class=\"elementor-icon-box-wrapper\">\n\n\t\t\t\t\t\t<div class=\"elementor-icon-box-icon\">\n\t\t\t\t<span  class=\"elementor-icon elementor-animation-\">\n\t\t\t\t\t\t\t\t<\/span>\n\t\t\t<\/div>\n\t\t\t\n\t\t\t\t\t\t<div class=\"elementor-icon-box-content\">\n\n\t\t\t\t\t\t\t\t\t<h3 class=\"elementor-icon-box-title\">\n\t\t\t\t\t\t<span  >\n\t\t\t\t\t\t\tNuestro horario\t\t\t\t\t\t<\/span>\n\t\t\t\t\t<\/h3>\n\t\t\t\t\n\t\t\t\t\t\t\t\t\t<p class=\"elementor-icon-box-description\">\n\t\t\t\t\t\tLunes a viernes: 7:00\u201315:00<br><span style=\"white-space-collapse: collapse;\">At. al Cliente Personalizada con cita previa<\/span>\n\t\t\t\t\t<\/p>\n\t\t\t\t\n\t\t\t<\/div>\n\t\t\t\n\t\t<\/div>\n\t\t\t\t<\/div>\n\t\t\t\t<\/div>\n\t\t\t\t<div class=\"elementor-element elementor-element-333c718 elementor-position-left elementor-view-default elementor-mobile-position-top elementor-vertical-align-top elementor-widget elementor-widget-icon-box\" data-id=\"333c718\" data-element_type=\"widget\" data-widget_type=\"icon-box.default\">\n\t\t\t\t<div class=\"elementor-widget-container\">\n\t\t\t\t\t<div class=\"elementor-icon-box-wrapper\">\n\n\t\t\t\t\t\t<div class=\"elementor-icon-box-icon\">\n\t\t\t\t<span  class=\"elementor-icon elementor-animation-\">\n\t\t\t\t\t\t\t\t<\/span>\n\t\t\t<\/div>\n\t\t\t\n\t\t\t\t\t\t<div class=\"elementor-icon-box-content\">\n\n\t\t\t\t\t\t\t\t\t<h3 class=\"elementor-icon-box-title\">\n\t\t\t\t\t\t<span  >\n\t\t\t\t\t\t\tEnv\u00edanos un email\t\t\t\t\t\t<\/span>\n\t\t\t\t\t<\/h3>\n\t\t\t\t\n\t\t\t\t\t\t\t\t\t<p class=\"elementor-icon-box-description\">\n\t\t\t\t\t\tE-mail: <a href = \"mailto:info@humavimarbres.com\">info@humavimarbres.com<\/a>\t\t\t\t\t<\/p>\n\t\t\t\t\n\t\t\t<\/div>\n\t\t\t\n\t\t<\/div>\n\t\t\t\t<\/div>\n\t\t\t\t<\/div>\n\t\t\t\t\t<\/div>\n\t\t<\/div>\n\t\t\t\t<div class=\"elementor-column elementor-col-50 elementor-top-column elementor-element elementor-element-26ebc24\" data-id=\"26ebc24\" data-element_type=\"column\">\n\t\t\t<div class=\"elementor-widget-wrap elementor-element-populated\">\n\t\t\t\t\t\t<div class=\"elementor-element elementor-element-598f7a9 elementor-widget-divider--view-line elementor-widget elementor-widget-divider\" data-id=\"598f7a9\" data-element_type=\"widget\" data-widget_type=\"divider.default\">\n\t\t\t\t<div class=\"elementor-widget-container\">\n\t\t\t\t\t<div class=\"elementor-divider\">\n\t\t\t<span class=\"elementor-divider-separator\">\n\t\t\t\t\t\t<\/span>\n\t\t<\/div>\n\t\t\t\t<\/div>\n\t\t\t\t<\/div>\n\t\t\t\t<div class=\"elementor-element elementor-element-48d517c elementor-widget elementor-widget-heading\" data-id=\"48d517c\" data-element_type=\"widget\" data-widget_type=\"heading.default\">\n\t\t\t\t<div class=\"elementor-widget-container\">\n\t\t\t<h2 class=\"elementor-heading-title elementor-size-default\">ENV\u00cdANOS TU MENSAJE<\/h2>\t\t<\/div>\n\t\t\t\t<\/div>\n\t\t\t\t<div class=\"elementor-element elementor-element-7c7fed8 elementor-widget__width-initial elementor-widget-mobile__width-inherit elementor-widget elementor-widget-text-editor\" data-id=\"7c7fed8\" data-element_type=\"widget\" data-widget_type=\"text-editor.default\">\n\t\t\t\t<div class=\"elementor-widget-container\">\n\t\t\t\t\t\t\t<p>Estaremos encantados de ayudarte.\u00a0<\/p>\t\t\t\t\t\t<\/div>\n\t\t\t\t<\/div>\n\t\t\t\t<div class=\"elementor-element elementor-element-14c0424 cf-architect elementor-widget elementor-widget-contact-form-7\" data-id=\"14c0424\" data-element_type=\"widget\" data-widget_type=\"contact-form-7.default\">\n\t\t\t\t<div class=\"elementor-widget-container\">\n\t\t\t<div class=\"elementor-contact-form-7 jet-elements\">\n<div class=\"wpcf7 no-js\" id=\"wpcf7-f8-o1\" lang=\"en-US\" dir=\"ltr\" data-wpcf7-id=\"8\">\n<div class=\"screen-reader-response\"><p role=\"status\" aria-live=\"polite\" aria-atomic=\"true\"><\/p> <ul><\/ul><\/div>\n<form action=\"\/index.php?rest_route=%2Fwp%2Fv2%2Fpages%2F17#wpcf7-f8-o1\" method=\"post\" class=\"wpcf7-form init\" aria-label=\"Contact form\" novalidate=\"novalidate\" data-status=\"init\">\n<div style=\"display: none;\">\n<input type=\"hidden\" name=\"_wpcf7\" value=\"8\" \/>\n<input type=\"hidden\" name=\"_wpcf7_version\" value=\"6.0.3\" \/>\n<input type=\"hidden\" name=\"_wpcf7_locale\" value=\"en_US\" \/>\n<input type=\"hidden\" name=\"_wpcf7_unit_tag\" value=\"wpcf7-f8-o1\" \/>\n<input type=\"hidden\" name=\"_wpcf7_container_post\" value=\"0\" \/>\n<input type=\"hidden\" name=\"_wpcf7_posted_data_hash\" value=\"\" \/>\n<\/div>\n<style>\n.cf-architect .wpcf7 .wpcf7-not-valid-tip { padding: 3px 3px 1.5px; }\n<\/style>\n<div class=\"row\">\n\t<p class=\"col-lg-6 col-md-12 col-sm-12 col-xs-12\"><br \/>\n<label><span class=\"label-text h6-style\">Nombre <span class=\"reqired_icon\">*<\/span><\/span><span class=\"wpcf7-form-control-wrap\" data-name=\"your-name\"><input size=\"40\" maxlength=\"400\" class=\"wpcf7-form-control wpcf7-text wpcf7-validates-as-required\" aria-required=\"true\" aria-invalid=\"false\" placeholder=\"Escribe aqu\u00ed tu nombre\" value=\"\" type=\"text\" name=\"your-name\" \/><\/span><\/label>\n\t<\/p>\n\t<p class=\"col-lg-6 col-md-12 col-sm-12 col-xs-12\"><label> <span class=\"label-text h6-style\">Tu tel\u00e9fono <span class=\"reqired_icon\">*<\/span><\/span><span class=\"wpcf7-form-control-wrap\" data-name=\"tel-548\"><input size=\"40\" maxlength=\"400\" class=\"wpcf7-form-control wpcf7-tel wpcf7-validates-as-required wpcf7-text wpcf7-validates-as-tel\" aria-required=\"true\" aria-invalid=\"false\" placeholder=\"Escribe aqu\u00ed tu tel\u00e9fono\" value=\"\" type=\"tel\" name=\"tel-548\" \/><\/span> <\/label>\n\t<\/p>\n\t<p class=\"col-lg-6 col-md-12 col-sm-12 col-xs-12\"><label><span class=\"label-text h6-style\">Tu email <span class=\"reqired_icon\">*<\/span><\/span><span class=\"wpcf7-form-control-wrap\" data-name=\"your-email\"><input size=\"40\" maxlength=\"400\" class=\"wpcf7-form-control wpcf7-email wpcf7-validates-as-required wpcf7-text wpcf7-validates-as-email\" aria-required=\"true\" aria-invalid=\"false\" placeholder=\"Escribe aqu\u00ed tu email\" value=\"\" type=\"email\" name=\"your-email\" \/><\/span><\/label>\n\t<\/p>\n\t<p class=\"col-lg-6 col-md-12 col-sm-12 col-xs-12\"><label><span class=\"label-text h6-style\">Selecciona el servicio <span class=\"reqired_icon\">*<\/span><\/span><span class=\"wpcf7-form-control-wrap\" data-name=\"menu-60\"><select class=\"wpcf7-form-control wpcf7-select wpcf7-validates-as-required\" aria-required=\"true\" aria-invalid=\"false\" name=\"menu-60\"><option value=\"Cocinas\">Cocinas<\/option><option value=\"Ba\u00f1os\">Ba\u00f1os<\/option><option value=\"Fregaderos\">Fregaderos<\/option><option value=\"Cargador inal\u00e1mbrico\">Cargador inal\u00e1mbrico<\/option><\/select><\/span><\/label>\n\t<\/p>\n\t<p class=\"col-lg-12 col-md-12 col-sm-12 col-xs-12\"><label><span class=\"label-text h6-style\">Tu mensaje <span class=\"reqired_icon\">*<\/span><\/span><span class=\"wpcf7-form-control-wrap\" data-name=\"your-message\"><textarea cols=\"40\" rows=\"10\" maxlength=\"2000\" class=\"wpcf7-form-control wpcf7-textarea wpcf7-validates-as-required\" aria-required=\"true\" aria-invalid=\"false\" placeholder=\"Escribe aqu\u00ed tu duda\" name=\"your-message\"><\/textarea><\/span> <\/label>\n\t<\/p>\n\t<p class=\"col-lg-12 col-md-12 col-sm-12 col-xs-12\"><input class=\"wpcf7-form-control wpcf7-submit has-spinner\" type=\"submit\" value=\"Enviar\" \/>\n\t<\/p>\n<\/div><input type='hidden' class='wpcf7-pum' value='{\"closepopup\":false,\"closedelay\":0,\"openpopup\":false,\"openpopup_id\":0}' \/><div class=\"wpcf7-response-output\" aria-hidden=\"true\"><\/div>\n<\/form>\n<\/div>\n<\/div>\t\t<\/div>\n\t\t\t\t<\/div>\n\t\t\t\t\t<\/div>\n\t\t<\/div>\n\t\t\t\t\t<\/div>\n\t\t<\/section>\n\t\t\t\t<\/div>\n\t\t","protected":false},"excerpt":{"rendered":"<p>CONTACTA Visita nuestras instalaciones Carretera Nuevo Acceso Playa Daimus, 8, 46710 Daim\u00fas, Valencia Ll\u00e1manos 960 301 710 Nuestro horario Lunes a viernes: 7:00\u201315:00At. al Cliente Personalizada con cita previa Env\u00edanos un email E-mail: info@humavimarbres.com ENV\u00cdANOS TU MENSAJE Estaremos encantados de ayudarte.\u00a0 Nombre * Tu tel\u00e9fono * Tu email * Selecciona el servicio *CocinasBa\u00f1osFregaderosCargador inal\u00e1mbrico Tu [&hellip;]<\/p>\n","protected":false},"author":1,"featured_media":0,"parent":0,"menu_order":0,"comment_status":"closed","ping_status":"closed","template":"elementor_header_footer","meta":{"footnotes":""},"class_list":["post-17","page","type-page","status-publish","hentry","no-thumb"],"yoast_head":"<!-- This site is optimized with the Yoast SEO Premium plugin v23.6 (Yoast SEO v24.2) - https:\/\/yoast.com\/wordpress\/plugins\/seo\/ -->\n<title>Contacta con nosotros - Humavi Marbres<\/title>\n<meta name=\"description\" content=\"Contacta con nosotros Carretera Nuevo Acceso Playa Daimus, 10, 46710 Daim\u00fas, Valencia info@humavimarbres.com tel\u00e9fono 960301710 Horario Lunes a viernes: 08:00\u201318:00\" \/>\n<meta name=\"robots\" content=\"index, follow, max-snippet:-1, max-image-preview:large, max-video-preview:-1\" \/>\n<link rel=\"canonical\" href=\"https:\/\/humavimarbres.com\/?page_id=17\" \/>\n<meta property=\"og:locale\" content=\"es_ES\" \/>\n<meta property=\"og:type\" content=\"article\" \/>\n<meta property=\"og:title\" content=\"Contacta\" \/>\n<meta property=\"og:description\" content=\"Contacta con nosotros Carretera Nuevo Acceso Playa Daimus, 10, 46710 Daim\u00fas, Valencia info@humavimarbres.com tel\u00e9fono 960301710 Horario Lunes a viernes: 08:00\u201318:00\" \/>\n<meta property=\"og:url\" content=\"https:\/\/humavimarbres.com\/?page_id=17\" \/>\n<meta property=\"og:site_name\" content=\"Humavi Marbres\" \/>\n<meta property=\"article:publisher\" content=\"https:\/\/www.facebook.com\/share\/1SCi8f6EEw\/\" \/>\n<meta property=\"article:modified_time\" content=\"2026-02-17T10:29:57+00:00\" \/>\n<meta property=\"og:image\" content=\"https:\/\/humavimarbres.com\/wp-content\/uploads\/2025\/02\/Portada-Encimeras-Humavi-Marbres-Local.png\" \/>\n\t<meta property=\"og:image:width\" content=\"1875\" \/>\n\t<meta property=\"og:image:height\" content=\"1250\" \/>\n\t<meta property=\"og:image:type\" content=\"image\/png\" \/>\n<meta name=\"twitter:card\" content=\"summary_large_image\" \/>\n<meta name=\"twitter:label1\" content=\"Tiempo de lectura\" \/>\n\t<meta name=\"twitter:data1\" content=\"1 minuto\" \/>\n<script type=\"application\/ld+json\" class=\"yoast-schema-graph\">{\"@context\":\"https:\/\/schema.org\",\"@graph\":[{\"@type\":\"WebPage\",\"@id\":\"https:\/\/humavimarbres.com\/?page_id=17\",\"url\":\"https:\/\/humavimarbres.com\/?page_id=17\",\"name\":\"Contacta con nosotros - Humavi Marbres\",\"isPartOf\":{\"@id\":\"https:\/\/humavimarbres.com\/#website\"},\"datePublished\":\"2019-08-01T07:22:54+00:00\",\"dateModified\":\"2026-02-17T10:29:57+00:00\",\"description\":\"Contacta con nosotros Carretera Nuevo Acceso Playa Daimus, 10, 46710 Daim\u00fas, Valencia info@humavimarbres.com tel\u00e9fono 960301710 Horario Lunes a viernes: 08:00\u201318:00\",\"breadcrumb\":{\"@id\":\"https:\/\/humavimarbres.com\/?page_id=17#breadcrumb\"},\"inLanguage\":\"es\",\"potentialAction\":[{\"@type\":\"ReadAction\",\"target\":[\"https:\/\/humavimarbres.com\/?page_id=17\"]}]},{\"@type\":\"BreadcrumbList\",\"@id\":\"https:\/\/humavimarbres.com\/?page_id=17#breadcrumb\",\"itemListElement\":[{\"@type\":\"ListItem\",\"position\":1,\"name\":\"Home\",\"item\":\"https:\/\/humavimarbres.com\/\"},{\"@type\":\"ListItem\",\"position\":2,\"name\":\"Contacta\"}]},{\"@type\":\"WebSite\",\"@id\":\"https:\/\/humavimarbres.com\/#website\",\"url\":\"https:\/\/humavimarbres.com\/\",\"name\":\"Humavi Marbres Encimeras de Cocina\",\"description\":\"Especialistas en m\u00e1rmol y porcel\u00e1nico\",\"publisher\":{\"@id\":\"https:\/\/humavimarbres.com\/#organization\"},\"alternateName\":\"humavimarbres.com\",\"potentialAction\":[{\"@type\":\"SearchAction\",\"target\":{\"@type\":\"EntryPoint\",\"urlTemplate\":\"https:\/\/humavimarbres.com\/?s={search_term_string}\"},\"query-input\":{\"@type\":\"PropertyValueSpecification\",\"valueRequired\":true,\"valueName\":\"search_term_string\"}}],\"inLanguage\":\"es\"},{\"@type\":\"Organization\",\"@id\":\"https:\/\/humavimarbres.com\/#organization\",\"name\":\"Humavi Marbres Encimeras de Cocina\",\"alternateName\":\"humavimarbres.com\",\"url\":\"https:\/\/humavimarbres.com\/\",\"logo\":{\"@type\":\"ImageObject\",\"inLanguage\":\"es\",\"@id\":\"https:\/\/humavimarbres.com\/#\/schema\/logo\/image\/\",\"url\":\"https:\/\/humavimarbres.com\/wp-content\/uploads\/2025\/01\/cropped-Logo-Humavi-Marbres.png\",\"contentUrl\":\"https:\/\/humavimarbres.com\/wp-content\/uploads\/2025\/01\/cropped-Logo-Humavi-Marbres.png\",\"width\":1213,\"height\":315,\"caption\":\"Humavi Marbres Encimeras de Cocina\"},\"image\":{\"@id\":\"https:\/\/humavimarbres.com\/#\/schema\/logo\/image\/\"},\"sameAs\":[\"https:\/\/www.facebook.com\/share\/1SCi8f6EEw\/\",\"https:\/\/www.instagram.com\/humavi_marbres?igsh=Nm12MmRocWpubHNm\"]}]}<\/script>\n<!-- \/ Yoast SEO Premium plugin. -->","yoast_head_json":{"title":"Contacta con nosotros - Humavi Marbres","description":"Contacta con nosotros Carretera Nuevo Acceso Playa Daimus, 10, 46710 Daim\u00fas, Valencia info@humavimarbres.com tel\u00e9fono 960301710 Horario Lunes a viernes: 08:00\u201318:00","robots":{"index":"index","follow":"follow","max-snippet":"max-snippet:-1","max-image-preview":"max-image-preview:large","max-video-preview":"max-video-preview:-1"},"canonical":"https:\/\/humavimarbres.com\/?page_id=17","og_locale":"es_ES","og_type":"article","og_title":"Contacta","og_description":"Contacta con nosotros Carretera Nuevo Acceso Playa Daimus, 10, 46710 Daim\u00fas, Valencia info@humavimarbres.com tel\u00e9fono 960301710 Horario Lunes a viernes: 08:00\u201318:00","og_url":"https:\/\/humavimarbres.com\/?page_id=17","og_site_name":"Humavi Marbres","article_publisher":"https:\/\/www.facebook.com\/share\/1SCi8f6EEw\/","article_modified_time":"2026-02-17T10:29:57+00:00","og_image":[{"width":1875,"height":1250,"url":"https:\/\/humavimarbres.com\/wp-content\/uploads\/2025\/02\/Portada-Encimeras-Humavi-Marbres-Local.png","type":"image\/png"}],"twitter_card":"summary_large_image","twitter_misc":{"Tiempo de lectura":"1 minuto"},"schema":{"@context":"https:\/\/schema.org","@graph":[{"@type":"WebPage","@id":"https:\/\/humavimarbres.com\/?page_id=17","url":"https:\/\/humavimarbres.com\/?page_id=17","name":"Contacta con nosotros - Humavi Marbres","isPartOf":{"@id":"https:\/\/humavimarbres.com\/#website"},"datePublished":"2019-08-01T07:22:54+00:00","dateModified":"2026-02-17T10:29:57+00:00","description":"Contacta con nosotros Carretera Nuevo Acceso Playa Daimus, 10, 46710 Daim\u00fas, Valencia info@humavimarbres.com tel\u00e9fono 960301710 Horario Lunes a viernes: 08:00\u201318:00","breadcrumb":{"@id":"https:\/\/humavimarbres.com\/?page_id=17#breadcrumb"},"inLanguage":"es","potentialAction":[{"@type":"ReadAction","target":["https:\/\/humavimarbres.com\/?page_id=17"]}]},{"@type":"BreadcrumbList","@id":"https:\/\/humavimarbres.com\/?page_id=17#breadcrumb","itemListElement":[{"@type":"ListItem","position":1,"name":"Home","item":"https:\/\/humavimarbres.com\/"},{"@type":"ListItem","position":2,"name":"Contacta"}]},{"@type":"WebSite","@id":"https:\/\/humavimarbres.com\/#website","url":"https:\/\/humavimarbres.com\/","name":"Humavi Marbres Encimeras de Cocina","description":"Especialistas en m\u00e1rmol y porcel\u00e1nico","publisher":{"@id":"https:\/\/humavimarbres.com\/#organization"},"alternateName":"humavimarbres.com","potentialAction":[{"@type":"SearchAction","target":{"@type":"EntryPoint","urlTemplate":"https:\/\/humavimarbres.com\/?s={search_term_string}"},"query-input":{"@type":"PropertyValueSpecification","valueRequired":true,"valueName":"search_term_string"}}],"inLanguage":"es"},{"@type":"Organization","@id":"https:\/\/humavimarbres.com\/#organization","name":"Humavi Marbres Encimeras de Cocina","alternateName":"humavimarbres.com","url":"https:\/\/humavimarbres.com\/","logo":{"@type":"ImageObject","inLanguage":"es","@id":"https:\/\/humavimarbres.com\/#\/schema\/logo\/image\/","url":"https:\/\/humavimarbres.com\/wp-content\/uploads\/2025\/01\/cropped-Logo-Humavi-Marbres.png","contentUrl":"https:\/\/humavimarbres.com\/wp-content\/uploads\/2025\/01\/cropped-Logo-Humavi-Marbres.png","width":1213,"height":315,"caption":"Humavi Marbres Encimeras de Cocina"},"image":{"@id":"https:\/\/humavimarbres.com\/#\/schema\/logo\/image\/"},"sameAs":["https:\/\/www.facebook.com\/share\/1SCi8f6EEw\/","https:\/\/www.instagram.com\/humavi_marbres?igsh=Nm12MmRocWpubHNm"]}]}},"_links":{"self":[{"href":"https:\/\/humavimarbres.com\/index.php?rest_route=\/wp\/v2\/pages\/17","targetHints":{"allow":["GET"]}}],"collection":[{"href":"https:\/\/humavimarbres.com\/index.php?rest_route=\/wp\/v2\/pages"}],"about":[{"href":"https:\/\/humavimarbres.com\/index.php?rest_route=\/wp\/v2\/types\/page"}],"author":[{"embeddable":true,"href":"https:\/\/humavimarbres.com\/index.php?rest_route=\/wp\/v2\/users\/1"}],"replies":[{"embeddable":true,"href":"https:\/\/humavimarbres.com\/index.php?rest_route=%2Fwp%2Fv2%2Fcomments&post=17"}],"version-history":[{"count":6,"href":"https:\/\/humavimarbres.com\/index.php?rest_route=\/wp\/v2\/pages\/17\/revisions"}],"predecessor-version":[{"id":5864,"href":"https:\/\/humavimarbres.com\/index.php?rest_route=\/wp\/v2\/pages\/17\/revisions\/5864"}],"wp:attachment":[{"href":"https:\/\/humavimarbres.com\/index.php?rest_route=%2Fwp%2Fv2%2Fmedia&parent=17"}],"curies":[{"name":"wp","href":"https:\/\/api.w.org\/{rel}","templated":true}]}}