{"id":5431,"date":"2025-05-07T11:44:04","date_gmt":"2025-05-07T11:44:04","guid":{"rendered":"https:\/\/humavimarbres.com\/?page_id=5431"},"modified":"2025-05-09T10:37:05","modified_gmt":"2025-05-09T10:37:05","slug":"materiales","status":"publish","type":"page","link":"https:\/\/humavimarbres.com\/?page_id=5431","title":{"rendered":"Materiales"},"content":{"rendered":"\t\t<div data-elementor-type=\"wp-page\" data-elementor-id=\"5431\" class=\"elementor elementor-5431\" data-elementor-post-type=\"page\">\n\t\t\t\t\t\t<section class=\"elementor-section elementor-top-section elementor-element elementor-element-7aa9902 elementor-section-boxed elementor-section-height-default elementor-section-height-default\" data-id=\"7aa9902\" data-element_type=\"section\" data-settings=\"{&quot;jet_parallax_layout_list&quot;:[]}\">\n\t\t\t\t\t\t<div class=\"elementor-container elementor-column-gap-default\">\n\t\t\t\t\t<div class=\"elementor-column elementor-col-100 elementor-top-column elementor-element elementor-element-98e84f5\" data-id=\"98e84f5\" data-element_type=\"column\">\n\t\t\t<div class=\"elementor-widget-wrap elementor-element-populated\">\n\t\t\t\t\t\t<div class=\"elementor-element elementor-element-1b05f3f elementor-widget elementor-widget-breadcrumbs\" data-id=\"1b05f3f\" data-element_type=\"widget\" data-widget_type=\"breadcrumbs.default\">\n\t\t\t\t<div class=\"elementor-widget-container\">\n\t\t\t<p id=\"breadcrumbs\"><span><span><a href=\"https:\/\/humavimarbres.com\/\">Home<\/a><\/span><\/span><\/p>\t\t<\/div>\n\t\t\t\t<\/div>\n\t\t\t\t\t<\/div>\n\t\t<\/div>\n\t\t\t\t\t<\/div>\n\t\t<\/section>\n\t\t\t\t<section class=\"elementor-section elementor-top-section elementor-element elementor-element-a3605da elementor-section-boxed elementor-section-height-default elementor-section-height-default\" data-id=\"a3605da\" data-element_type=\"section\" data-settings=\"{&quot;background_background&quot;:&quot;classic&quot;,&quot;jet_parallax_layout_list&quot;:[{&quot;_id&quot;:&quot;ffa17cd&quot;,&quot;jet_parallax_layout_image&quot;:{&quot;url&quot;:&quot;&quot;,&quot;id&quot;:&quot;&quot;,&quot;size&quot;:&quot;&quot;},&quot;jet_parallax_layout_image_tablet&quot;:{&quot;url&quot;:&quot;&quot;,&quot;id&quot;:&quot;&quot;,&quot;size&quot;:&quot;&quot;},&quot;jet_parallax_layout_image_mobile&quot;:{&quot;url&quot;:&quot;&quot;,&quot;id&quot;:&quot;&quot;,&quot;size&quot;:&quot;&quot;},&quot;jet_parallax_layout_speed&quot;:{&quot;unit&quot;:&quot;%&quot;,&quot;size&quot;:50,&quot;sizes&quot;:[]},&quot;jet_parallax_layout_type&quot;:&quot;scroll&quot;,&quot;jet_parallax_layout_direction&quot;:null,&quot;jet_parallax_layout_fx_direction&quot;:null,&quot;jet_parallax_layout_z_index&quot;:&quot;&quot;,&quot;jet_parallax_layout_bg_x&quot;:50,&quot;jet_parallax_layout_bg_x_tablet&quot;:&quot;&quot;,&quot;jet_parallax_layout_bg_x_mobile&quot;:&quot;&quot;,&quot;jet_parallax_layout_bg_y&quot;:50,&quot;jet_parallax_layout_bg_y_tablet&quot;:&quot;&quot;,&quot;jet_parallax_layout_bg_y_mobile&quot;:&quot;&quot;,&quot;jet_parallax_layout_bg_size&quot;:&quot;auto&quot;,&quot;jet_parallax_layout_bg_size_tablet&quot;:&quot;&quot;,&quot;jet_parallax_layout_bg_size_mobile&quot;:&quot;&quot;,&quot;jet_parallax_layout_animation_prop&quot;:&quot;transform&quot;,&quot;jet_parallax_layout_on&quot;:[&quot;desktop&quot;,&quot;tablet&quot;]}]}\">\n\t\t\t\t\t\t\t<div class=\"elementor-background-overlay\"><\/div>\n\t\t\t\t\t\t\t<div class=\"elementor-container elementor-column-gap-default\">\n\t\t\t\t\t<div class=\"elementor-column elementor-col-100 elementor-top-column elementor-element elementor-element-568f573\" data-id=\"568f573\" data-element_type=\"column\">\n\t\t\t<div class=\"elementor-widget-wrap elementor-element-populated\">\n\t\t\t\t\t\t<div class=\"elementor-element elementor-element-fb0d7c1 elementor-widget elementor-widget-heading\" data-id=\"fb0d7c1\" data-element_type=\"widget\" data-widget_type=\"heading.default\">\n\t\t\t\t<div class=\"elementor-widget-container\">\n\t\t\t<h1 class=\"elementor-heading-title elementor-size-default\">Materiales para Encimeras para Cocina y Ba\u00f1o<\/h1>\t\t<\/div>\n\t\t\t\t<\/div>\n\t\t\t\t<div class=\"elementor-element elementor-element-e423a69 elementor-widget elementor-widget-text-editor\" data-id=\"e423a69\" data-element_type=\"widget\" data-widget_type=\"text-editor.default\">\n\t\t\t\t<div class=\"elementor-widget-container\">\n\t\t\t\t\t\t\t<p>Descubre los mejores materiales de encimera para renovar tu cocina o ba\u00f1o con estilo y funcionalidad. En Humavi Marbres trabajamos con superficies de alta calidad como m\u00e1rmol, granito y porcel\u00e1nico. Calidad y dise\u00f1o a medida en la Safor y Marina Alta. Elige material y explora sus ventajas, dise\u00f1os y acabados.<\/p>\t\t\t\t\t\t<\/div>\n\t\t\t\t<\/div>\n\t\t\t\t\t<\/div>\n\t\t<\/div>\n\t\t\t\t\t<\/div>\n\t\t<\/section>\n\t\t\t\t<section class=\"elementor-section elementor-top-section elementor-element elementor-element-965be43 elementor-section-boxed elementor-section-height-default elementor-section-height-default\" data-id=\"965be43\" data-element_type=\"section\" data-settings=\"{&quot;jet_parallax_layout_list&quot;:[]}\">\n\t\t\t\t\t\t<div class=\"elementor-container elementor-column-gap-default\">\n\t\t\t\t\t<div class=\"elementor-column elementor-col-100 elementor-top-column elementor-element elementor-element-deba647\" data-id=\"deba647\" data-element_type=\"column\">\n\t\t\t<div class=\"elementor-widget-wrap elementor-element-populated\">\n\t\t\t\t\t\t<section class=\"elementor-section elementor-inner-section elementor-element elementor-element-9ae4991 elementor-section-boxed elementor-section-height-default elementor-section-height-default\" data-id=\"9ae4991\" data-element_type=\"section\" data-settings=\"{&quot;jet_parallax_layout_list&quot;:[],&quot;background_background&quot;:&quot;classic&quot;}\">\n\t\t\t\t\t\t<div class=\"elementor-container elementor-column-gap-default\">\n\t\t\t\t\t<div class=\"elementor-column elementor-col-100 elementor-inner-column elementor-element elementor-element-9198a88\" data-id=\"9198a88\" data-element_type=\"column\" data-settings=\"{&quot;background_background&quot;:&quot;classic&quot;}\">\n\t\t\t<div class=\"elementor-widget-wrap elementor-element-populated\">\n\t\t\t\t\t\t<div class=\"elementor-element elementor-element-440581b elementor-widget elementor-widget-heading\" data-id=\"440581b\" data-element_type=\"widget\" data-widget_type=\"heading.default\">\n\t\t\t\t<div class=\"elementor-widget-container\">\n\t\t\t<h2 class=\"elementor-heading-title elementor-size-default\">M\u00e1rmol<\/h2>\t\t<\/div>\n\t\t\t\t<\/div>\n\t\t\t\t<div class=\"elementor-element elementor-element-713b8dd quitarMargen elementor-widget elementor-widget-text-editor\" data-id=\"713b8dd\" data-element_type=\"widget\" data-widget_type=\"text-editor.default\">\n\t\t\t\t<div class=\"elementor-widget-container\">\n\t\t\t\t\t\t\t<p>Elegancia atemporal para espacios \u00fanicos<\/p>\t\t\t\t\t\t<\/div>\n\t\t\t\t<\/div>\n\t\t\t\t<div class=\"elementor-element elementor-element-9532784 elementor-align-center elementor-widget elementor-widget-button\" data-id=\"9532784\" data-element_type=\"widget\" data-widget_type=\"button.default\">\n\t\t\t\t<div class=\"elementor-widget-container\">\n\t\t\t\t\t\t\t<div class=\"elementor-button-wrapper\">\n\t\t\t\t\t<a class=\"elementor-button elementor-button-link elementor-size-sm\" href=\"https:\/\/humavimarbres.com\/materiales\/encimeras-marmol\/\">\n\t\t\t\t\t\t<span class=\"elementor-button-content-wrapper\">\n\t\t\t\t\t\t\t\t\t<span class=\"elementor-button-text\">Ver encimeras de m\u00e1rmol<\/span>\n\t\t\t\t\t<\/span>\n\t\t\t\t\t<\/a>\n\t\t\t\t<\/div>\n\t\t\t\t\t\t<\/div>\n\t\t\t\t<\/div>\n\t\t\t\t\t<\/div>\n\t\t<\/div>\n\t\t\t\t\t<\/div>\n\t\t<\/section>\n\t\t\t\t<section class=\"elementor-section elementor-inner-section elementor-element elementor-element-f874e7f elementor-section-boxed elementor-section-height-default elementor-section-height-default\" data-id=\"f874e7f\" data-element_type=\"section\" data-settings=\"{&quot;jet_parallax_layout_list&quot;:[],&quot;background_background&quot;:&quot;classic&quot;}\">\n\t\t\t\t\t\t<div class=\"elementor-container elementor-column-gap-default\">\n\t\t\t\t\t<div class=\"elementor-column elementor-col-100 elementor-inner-column elementor-element elementor-element-8772250\" data-id=\"8772250\" data-element_type=\"column\" data-settings=\"{&quot;background_background&quot;:&quot;classic&quot;}\">\n\t\t\t<div class=\"elementor-widget-wrap elementor-element-populated\">\n\t\t\t\t\t\t<div class=\"elementor-element elementor-element-e9644aa elementor-widget elementor-widget-heading\" data-id=\"e9644aa\" data-element_type=\"widget\" data-widget_type=\"heading.default\">\n\t\t\t\t<div class=\"elementor-widget-container\">\n\t\t\t<h2 class=\"elementor-heading-title elementor-size-default\">Granito<\/h2>\t\t<\/div>\n\t\t\t\t<\/div>\n\t\t\t\t<div class=\"elementor-element elementor-element-0f33eec quitarMargen elementor-widget elementor-widget-text-editor\" data-id=\"0f33eec\" data-element_type=\"widget\" data-widget_type=\"text-editor.default\">\n\t\t\t\t<div class=\"elementor-widget-container\">\n\t\t\t\t\t\t\t<p>Resistencia natural y versatilidad<\/p>\t\t\t\t\t\t<\/div>\n\t\t\t\t<\/div>\n\t\t\t\t<div class=\"elementor-element elementor-element-36a529a elementor-align-center elementor-widget elementor-widget-button\" data-id=\"36a529a\" data-element_type=\"widget\" data-widget_type=\"button.default\">\n\t\t\t\t<div class=\"elementor-widget-container\">\n\t\t\t\t\t\t\t<div class=\"elementor-button-wrapper\">\n\t\t\t\t\t<a class=\"elementor-button elementor-button-link elementor-size-sm\" href=\"https:\/\/humavimarbres.com\/materiales\/encimeras-granito\/\">\n\t\t\t\t\t\t<span class=\"elementor-button-content-wrapper\">\n\t\t\t\t\t\t\t\t\t<span class=\"elementor-button-text\">Ver encimeras de granito<\/span>\n\t\t\t\t\t<\/span>\n\t\t\t\t\t<\/a>\n\t\t\t\t<\/div>\n\t\t\t\t\t\t<\/div>\n\t\t\t\t<\/div>\n\t\t\t\t\t<\/div>\n\t\t<\/div>\n\t\t\t\t\t<\/div>\n\t\t<\/section>\n\t\t\t\t<section class=\"elementor-section elementor-inner-section elementor-element elementor-element-b4dc060 elementor-section-boxed elementor-section-height-default elementor-section-height-default\" data-id=\"b4dc060\" data-element_type=\"section\" data-settings=\"{&quot;jet_parallax_layout_list&quot;:[],&quot;background_background&quot;:&quot;classic&quot;}\">\n\t\t\t\t\t\t<div class=\"elementor-container elementor-column-gap-default\">\n\t\t\t\t\t<div class=\"elementor-column elementor-col-100 elementor-inner-column elementor-element elementor-element-fe9eb39\" data-id=\"fe9eb39\" data-element_type=\"column\" data-settings=\"{&quot;background_background&quot;:&quot;classic&quot;}\">\n\t\t\t<div class=\"elementor-widget-wrap elementor-element-populated\">\n\t\t\t\t\t\t<div class=\"elementor-element elementor-element-61ac7e5 elementor-widget elementor-widget-heading\" data-id=\"61ac7e5\" data-element_type=\"widget\" data-widget_type=\"heading.default\">\n\t\t\t\t<div class=\"elementor-widget-container\">\n\t\t\t<h2 class=\"elementor-heading-title elementor-size-default\">Porcel\u00e1nico<\/h2>\t\t<\/div>\n\t\t\t\t<\/div>\n\t\t\t\t<div class=\"elementor-element elementor-element-29b2436 quitarMargen elementor-widget elementor-widget-text-editor\" data-id=\"29b2436\" data-element_type=\"widget\" data-widget_type=\"text-editor.default\">\n\t\t\t\t<div class=\"elementor-widget-container\">\n\t\t\t\t\t\t\t<p>Dise\u00f1o moderno y tecnolog\u00eda de vanguardia<\/p>\t\t\t\t\t\t<\/div>\n\t\t\t\t<\/div>\n\t\t\t\t<div class=\"elementor-element elementor-element-e910314 elementor-align-center elementor-widget elementor-widget-button\" data-id=\"e910314\" data-element_type=\"widget\" data-widget_type=\"button.default\">\n\t\t\t\t<div class=\"elementor-widget-container\">\n\t\t\t\t\t\t\t<div class=\"elementor-button-wrapper\">\n\t\t\t\t\t<a class=\"elementor-button elementor-button-link elementor-size-sm\" href=\"https:\/\/humavimarbres.com\/materiales\/encimeras-porcelanico\/\">\n\t\t\t\t\t\t<span class=\"elementor-button-content-wrapper\">\n\t\t\t\t\t\t\t\t\t<span class=\"elementor-button-text\">Ver encimeras de porcel\u00e1nico<\/span>\n\t\t\t\t\t<\/span>\n\t\t\t\t\t<\/a>\n\t\t\t\t<\/div>\n\t\t\t\t\t\t<\/div>\n\t\t\t\t<\/div>\n\t\t\t\t\t<\/div>\n\t\t<\/div>\n\t\t\t\t\t<\/div>\n\t\t<\/section>\n\t\t\t\t\t<\/div>\n\t\t<\/div>\n\t\t\t\t\t<\/div>\n\t\t<\/section>\n\t\t\t\t<section class=\"elementor-section elementor-top-section elementor-element elementor-element-289739d elementor-section-boxed elementor-section-height-default elementor-section-height-default\" data-id=\"289739d\" data-element_type=\"section\" data-settings=\"{&quot;jet_parallax_layout_list&quot;:[]}\">\n\t\t\t\t\t\t<div class=\"elementor-container elementor-column-gap-default\">\n\t\t\t\t\t<div class=\"elementor-column elementor-col-100 elementor-top-column elementor-element elementor-element-69a0252\" data-id=\"69a0252\" data-element_type=\"column\">\n\t\t\t<div class=\"elementor-widget-wrap elementor-element-populated\">\n\t\t\t\t\t\t<div class=\"elementor-element elementor-element-66115c5 quitarMargen elementor-widget elementor-widget-text-editor\" data-id=\"66115c5\" data-element_type=\"widget\" data-widget_type=\"text-editor.default\">\n\t\t\t\t<div class=\"elementor-widget-container\">\n\t\t\t\t\t\t\t<p>En Humavi Marbres somos especialistas en la fabricaci\u00f3n e instalaci\u00f3n de encimeras con m\u00e1s de 10 a\u00f1os de experiencia. Atendemos personalmente desde nuestras oficinas en Daim\u00fas, muy cerca de Gandia, donde podr\u00e1s ver muestras reales y recibir asesoramiento directo.<br \/>Trabajamos en toda la comarca de la Safor y Marina Alta, dando servicio tanto a particulares como a profesionales. Si buscas calidad, dise\u00f1o y experiencia en materiales para encimeras, est\u00e1s en el lugar adecuado.<\/p>\t\t\t\t\t\t<\/div>\n\t\t\t\t<\/div>\n\t\t\t\t<div class=\"elementor-element elementor-element-661fa1e elementor-align-left elementor-widget elementor-widget-button\" data-id=\"661fa1e\" data-element_type=\"widget\" data-widget_type=\"button.default\">\n\t\t\t\t<div class=\"elementor-widget-container\">\n\t\t\t\t\t\t\t<div class=\"elementor-button-wrapper\">\n\t\t\t\t\t<a class=\"elementor-button elementor-button-link elementor-size-sm\" href=\"https:\/\/humavimarbres.com\/contacta\/\">\n\t\t\t\t\t\t<span class=\"elementor-button-content-wrapper\">\n\t\t\t\t\t\t\t\t\t<span class=\"elementor-button-text\">Con\u00f3cenos<\/span>\n\t\t\t\t\t<\/span>\n\t\t\t\t\t<\/a>\n\t\t\t\t<\/div>\n\t\t\t\t\t\t<\/div>\n\t\t\t\t<\/div>\n\t\t\t\t\t<\/div>\n\t\t<\/div>\n\t\t\t\t\t<\/div>\n\t\t<\/section>\n\t\t\t\t<\/div>\n\t\t","protected":false},"excerpt":{"rendered":"<p>Materiales para Encimeras para Cocina y Ba\u00f1o Descubre los mejores materiales de encimera para renovar tu cocina o ba\u00f1o con estilo y funcionalidad. En Humavi Marbres trabajamos con superficies de alta calidad como m\u00e1rmol, granito y porcel\u00e1nico. Calidad y dise\u00f1o a medida en la Safor y Marina Alta. Elige material y explora sus ventajas, dise\u00f1os [&hellip;]<\/p>\n","protected":false},"author":5,"featured_media":0,"parent":0,"menu_order":0,"comment_status":"closed","ping_status":"closed","template":"elementor_header_footer","meta":{"footnotes":""},"class_list":["post-5431","page","type-page","status-publish","hentry","no-thumb"],"yoast_head":"<!-- This site is optimized with the Yoast SEO Premium plugin v23.6 (Yoast SEO v24.2) - https:\/\/yoast.com\/wordpress\/plugins\/seo\/ -->\n<title>Nuestros Materiales para Encimeras | Humavi Marbres<\/title>\n<meta name=\"description\" content=\"Conoce los materiales de encimera m\u00e1s usados: m\u00e1rmol, granito y porcel\u00e1nico. Elige el ideal para tu cocina o ba\u00f1o. Calidad y dise\u00f1o a medida.\" \/>\n<meta name=\"robots\" content=\"index, follow, max-snippet:-1, max-image-preview:large, max-video-preview:-1\" \/>\n<link rel=\"canonical\" href=\"https:\/\/humavimarbres.com\/?page_id=5431\" \/>\n<meta property=\"og:locale\" content=\"es_ES\" \/>\n<meta property=\"og:type\" content=\"article\" \/>\n<meta property=\"og:title\" content=\"Materiales\" \/>\n<meta property=\"og:description\" content=\"Conoce los materiales de encimera m\u00e1s usados: m\u00e1rmol, granito y porcel\u00e1nico. Elige el ideal para tu cocina o ba\u00f1o. Calidad y dise\u00f1o a medida.\" \/>\n<meta property=\"og:url\" content=\"https:\/\/humavimarbres.com\/?page_id=5431\" \/>\n<meta property=\"og:site_name\" content=\"Humavi Marbres\" \/>\n<meta property=\"article:publisher\" content=\"https:\/\/www.facebook.com\/share\/1SCi8f6EEw\/\" \/>\n<meta property=\"article:modified_time\" content=\"2025-05-09T10:37:05+00:00\" \/>\n<meta property=\"og:image\" content=\"https:\/\/humavimarbres.com\/wp-content\/uploads\/2025\/02\/Portada-Encimeras-Humavi-Marbres-Local.png\" \/>\n\t<meta property=\"og:image:width\" content=\"1875\" \/>\n\t<meta property=\"og:image:height\" content=\"1250\" \/>\n\t<meta property=\"og:image:type\" content=\"image\/png\" \/>\n<meta name=\"twitter:card\" content=\"summary_large_image\" \/>\n<meta name=\"twitter:label1\" content=\"Tiempo de lectura\" \/>\n\t<meta name=\"twitter:data1\" content=\"1 minuto\" \/>\n<script type=\"application\/ld+json\" class=\"yoast-schema-graph\">{\"@context\":\"https:\/\/schema.org\",\"@graph\":[{\"@type\":\"WebPage\",\"@id\":\"https:\/\/humavimarbres.com\/?page_id=5431\",\"url\":\"https:\/\/humavimarbres.com\/?page_id=5431\",\"name\":\"Nuestros Materiales para Encimeras | Humavi Marbres\",\"isPartOf\":{\"@id\":\"https:\/\/humavimarbres.com\/#website\"},\"datePublished\":\"2025-05-07T11:44:04+00:00\",\"dateModified\":\"2025-05-09T10:37:05+00:00\",\"description\":\"Conoce los materiales de encimera m\u00e1s usados: m\u00e1rmol, granito y porcel\u00e1nico. Elige el ideal para tu cocina o ba\u00f1o. Calidad y dise\u00f1o a medida.\",\"breadcrumb\":{\"@id\":\"https:\/\/humavimarbres.com\/?page_id=5431#breadcrumb\"},\"inLanguage\":\"es\",\"potentialAction\":[{\"@type\":\"ReadAction\",\"target\":[\"https:\/\/humavimarbres.com\/?page_id=5431\"]}]},{\"@type\":\"BreadcrumbList\",\"@id\":\"https:\/\/humavimarbres.com\/?page_id=5431#breadcrumb\",\"itemListElement\":[{\"@type\":\"ListItem\",\"position\":1,\"name\":\"Home\",\"item\":\"https:\/\/humavimarbres.com\/\"},{\"@type\":\"ListItem\",\"position\":2,\"name\":\"Materiales\"}]},{\"@type\":\"WebSite\",\"@id\":\"https:\/\/humavimarbres.com\/#website\",\"url\":\"https:\/\/humavimarbres.com\/\",\"name\":\"Humavi Marbres Encimeras de Cocina\",\"description\":\"Especialistas en m\u00e1rmol y porcel\u00e1nico\",\"publisher\":{\"@id\":\"https:\/\/humavimarbres.com\/#organization\"},\"alternateName\":\"humavimarbres.com\",\"potentialAction\":[{\"@type\":\"SearchAction\",\"target\":{\"@type\":\"EntryPoint\",\"urlTemplate\":\"https:\/\/humavimarbres.com\/?s={search_term_string}\"},\"query-input\":{\"@type\":\"PropertyValueSpecification\",\"valueRequired\":true,\"valueName\":\"search_term_string\"}}],\"inLanguage\":\"es\"},{\"@type\":\"Organization\",\"@id\":\"https:\/\/humavimarbres.com\/#organization\",\"name\":\"Humavi Marbres Encimeras de Cocina\",\"alternateName\":\"humavimarbres.com\",\"url\":\"https:\/\/humavimarbres.com\/\",\"logo\":{\"@type\":\"ImageObject\",\"inLanguage\":\"es\",\"@id\":\"https:\/\/humavimarbres.com\/#\/schema\/logo\/image\/\",\"url\":\"https:\/\/humavimarbres.com\/wp-content\/uploads\/2025\/01\/cropped-Logo-Humavi-Marbres.png\",\"contentUrl\":\"https:\/\/humavimarbres.com\/wp-content\/uploads\/2025\/01\/cropped-Logo-Humavi-Marbres.png\",\"width\":1213,\"height\":315,\"caption\":\"Humavi Marbres Encimeras de Cocina\"},\"image\":{\"@id\":\"https:\/\/humavimarbres.com\/#\/schema\/logo\/image\/\"},\"sameAs\":[\"https:\/\/www.facebook.com\/share\/1SCi8f6EEw\/\",\"https:\/\/www.instagram.com\/humavi_marbres?igsh=Nm12MmRocWpubHNm\"]}]}<\/script>\n<!-- \/ Yoast SEO Premium plugin. -->","yoast_head_json":{"title":"Nuestros Materiales para Encimeras | Humavi Marbres","description":"Conoce los materiales de encimera m\u00e1s usados: m\u00e1rmol, granito y porcel\u00e1nico. Elige el ideal para tu cocina o ba\u00f1o. Calidad y dise\u00f1o a medida.","robots":{"index":"index","follow":"follow","max-snippet":"max-snippet:-1","max-image-preview":"max-image-preview:large","max-video-preview":"max-video-preview:-1"},"canonical":"https:\/\/humavimarbres.com\/?page_id=5431","og_locale":"es_ES","og_type":"article","og_title":"Materiales","og_description":"Conoce los materiales de encimera m\u00e1s usados: m\u00e1rmol, granito y porcel\u00e1nico. Elige el ideal para tu cocina o ba\u00f1o. Calidad y dise\u00f1o a medida.","og_url":"https:\/\/humavimarbres.com\/?page_id=5431","og_site_name":"Humavi Marbres","article_publisher":"https:\/\/www.facebook.com\/share\/1SCi8f6EEw\/","article_modified_time":"2025-05-09T10:37:05+00:00","og_image":[{"width":1875,"height":1250,"url":"https:\/\/humavimarbres.com\/wp-content\/uploads\/2025\/02\/Portada-Encimeras-Humavi-Marbres-Local.png","type":"image\/png"}],"twitter_card":"summary_large_image","twitter_misc":{"Tiempo de lectura":"1 minuto"},"schema":{"@context":"https:\/\/schema.org","@graph":[{"@type":"WebPage","@id":"https:\/\/humavimarbres.com\/?page_id=5431","url":"https:\/\/humavimarbres.com\/?page_id=5431","name":"Nuestros Materiales para Encimeras | Humavi Marbres","isPartOf":{"@id":"https:\/\/humavimarbres.com\/#website"},"datePublished":"2025-05-07T11:44:04+00:00","dateModified":"2025-05-09T10:37:05+00:00","description":"Conoce los materiales de encimera m\u00e1s usados: m\u00e1rmol, granito y porcel\u00e1nico. Elige el ideal para tu cocina o ba\u00f1o. Calidad y dise\u00f1o a medida.","breadcrumb":{"@id":"https:\/\/humavimarbres.com\/?page_id=5431#breadcrumb"},"inLanguage":"es","potentialAction":[{"@type":"ReadAction","target":["https:\/\/humavimarbres.com\/?page_id=5431"]}]},{"@type":"BreadcrumbList","@id":"https:\/\/humavimarbres.com\/?page_id=5431#breadcrumb","itemListElement":[{"@type":"ListItem","position":1,"name":"Home","item":"https:\/\/humavimarbres.com\/"},{"@type":"ListItem","position":2,"name":"Materiales"}]},{"@type":"WebSite","@id":"https:\/\/humavimarbres.com\/#website","url":"https:\/\/humavimarbres.com\/","name":"Humavi Marbres Encimeras de Cocina","description":"Especialistas en m\u00e1rmol y porcel\u00e1nico","publisher":{"@id":"https:\/\/humavimarbres.com\/#organization"},"alternateName":"humavimarbres.com","potentialAction":[{"@type":"SearchAction","target":{"@type":"EntryPoint","urlTemplate":"https:\/\/humavimarbres.com\/?s={search_term_string}"},"query-input":{"@type":"PropertyValueSpecification","valueRequired":true,"valueName":"search_term_string"}}],"inLanguage":"es"},{"@type":"Organization","@id":"https:\/\/humavimarbres.com\/#organization","name":"Humavi Marbres Encimeras de Cocina","alternateName":"humavimarbres.com","url":"https:\/\/humavimarbres.com\/","logo":{"@type":"ImageObject","inLanguage":"es","@id":"https:\/\/humavimarbres.com\/#\/schema\/logo\/image\/","url":"https:\/\/humavimarbres.com\/wp-content\/uploads\/2025\/01\/cropped-Logo-Humavi-Marbres.png","contentUrl":"https:\/\/humavimarbres.com\/wp-content\/uploads\/2025\/01\/cropped-Logo-Humavi-Marbres.png","width":1213,"height":315,"caption":"Humavi Marbres Encimeras de Cocina"},"image":{"@id":"https:\/\/humavimarbres.com\/#\/schema\/logo\/image\/"},"sameAs":["https:\/\/www.facebook.com\/share\/1SCi8f6EEw\/","https:\/\/www.instagram.com\/humavi_marbres?igsh=Nm12MmRocWpubHNm"]}]}},"_links":{"self":[{"href":"https:\/\/humavimarbres.com\/index.php?rest_route=\/wp\/v2\/pages\/5431","targetHints":{"allow":["GET"]}}],"collection":[{"href":"https:\/\/humavimarbres.com\/index.php?rest_route=\/wp\/v2\/pages"}],"about":[{"href":"https:\/\/humavimarbres.com\/index.php?rest_route=\/wp\/v2\/types\/page"}],"author":[{"embeddable":true,"href":"https:\/\/humavimarbres.com\/index.php?rest_route=\/wp\/v2\/users\/5"}],"replies":[{"embeddable":true,"href":"https:\/\/humavimarbres.com\/index.php?rest_route=%2Fwp%2Fv2%2Fcomments&post=5431"}],"version-history":[{"count":55,"href":"https:\/\/humavimarbres.com\/index.php?rest_route=\/wp\/v2\/pages\/5431\/revisions"}],"predecessor-version":[{"id":5814,"href":"https:\/\/humavimarbres.com\/index.php?rest_route=\/wp\/v2\/pages\/5431\/revisions\/5814"}],"wp:attachment":[{"href":"https:\/\/humavimarbres.com\/index.php?rest_route=%2Fwp%2Fv2%2Fmedia&parent=5431"}],"curies":[{"name":"wp","href":"https:\/\/api.w.org\/{rel}","templated":true}]}}